80/(-42)*(-42)/w?
6
Let z be 1 + (646 - 0/(-7)). Let i = z - 158. What is the units digit of i?
9
Let u(s) = -28*s**2 + 32*s - 182. Let j be u(8). What is the units digit of 1/(-1 + -3 - 6874/j)?
9
Suppose 0 = -3*x - 0*x + 9. Suppose 5*d + 12 = -2*h + 6*h, -x*d - 2*h = -6. Suppose d = -w - w + 54. What is the tens digit of w?
2
Let k(t) = -3 - 1 + 4 + 2*t. Suppose 3*m = -3*w + 9, 6*m = 5*w + 2*m - 24. What is the units digit of k(w)?
8
Let p(b) = 6*b**2 - 12*b + 20. Let g(d) = d**2 + 9*d + 21. Let t be g(-7). What is the hundreds digit of p(t)?
2
Let p be ((-8)/16)/((-9)/4 - -2). Let k(i) = p + 3*i + 5*i**2 - 3*i**3 - 11*i - 5 + 4*i**3. What is the tens digit of k(-5)?
3
Let h(t) = -2*t + 27. Let k be h(12). Suppose 2*j + 3*q = 117, 3*q - 120 - 51 = -k*j. What is the tens digit of j?
5
Let y = 122 - 46. Suppose y = 8*x - 1020. Let d = -40 + x. What is the tens digit of d?
9
Let n = 92 + -37. Suppose l + 13 = -s, -4*l = 2*s + s + n. Let h(b) = -b**3 - 14*b**2 + 29*b + 6. What is the units digit of h(l)?
4
Let b(f) = 2*f**3 - 17*f**2 + 44*f - 95. What is the tens digit of b(20)?
8
Suppose r - 19 = -a, a + 3*r - 2 = 17. Suppose -k = 5*d + a, -5*d - 1 = -3*k + 7*k. What is the units digit of ((-2)/3)/(k + 1856/(-309))?
3
Suppose t = -5*c + 13, -3*t - 5*c = -0*c - 19. Suppose -t*u - 180 = u. What is the units digit of (-2367)/u + 6/(-10)?
2
What is the tens digit of 106230/(-150)*-1*5?
4
Let b(i) = 2*i**3 + i**2 - 1. Let m(q) = -12*q**3 + 33*q**2 - 4*q + 14. Let g(n) = 4*b(n) + m(n). What is the hundreds digit of g(7)?
4
Suppose 2*p - 280 = 4*r, 8 = -2*p - 0*p. Let v = r - -84. What is the tens digit of 808/12 + 8/v?
6
Suppose 0 = 5*m - 5*j - 86550, 4*j = 28*m - 31*m + 51937. What is the hundreds digit of m?
3
Suppose 0 = 18*i - 6*i - 7764. What is the hundreds digit of i?
6
Let r(m) = -66*m - 3883. What is the hundreds digit of r(-68)?
6
Let o = 57920 + 1914. What is the tens digit of o?
3
Let g(b) = 34*b**2 - 2*b + 518. What is the hundreds digit of g(-20)?
1
What is the tens digit of (-3179)/3*(-14 + 2)?
1
Let p be 100/14 - (-7 - -2)/(-35). Suppose 2*x = 2*o + 422, p*x - 8*x - 2*o + 223 = 0. What is the tens digit of x?
1
Let g = -43140 - -63002. What is the ten thousands digit of g?
1
Let m = 2146 + -2269. Let l(a) = 6*a**2 + 10*a + 6. Let h be l(-9). Let u = m + h. What is the hundreds digit of u?
2
Let x(p) = -8 - 10 + 2*p + 0*p + 6. Let i be x(6). Let k(y) = 2*y**3 + y**2 + 13. What is the tens digit of k(i)?
1
Suppose -5*t - 16 = y - 7, 5*y - 39 = -4*t. Suppose -y*b + 2*b = -468. What is the tens digit of b?
5
Let s(x) = x**2 - 9*x - 215. Let k be s(-11). Suppose -4800 = -k*a - 5*r, 3*a - 2*r = -a + 3840. What is the tens digit of a?
6
Let l(x) = 2*x**2 - 11*x + 13. Let a be ((3 - 1) + 12)/((-2)/(-1)). Let s be l(a). Let i = s + 36. What is the tens digit of i?
7
Suppose -8*i + 3*i - 225 = 0. Let w = i + 50. Suppose n = -5*p + 739, 193 = -5*p + w*n + 938. What is the hundreds digit of p?
1
Let b = -200 + 185. What is the tens digit of (-1742)/(-10) + 3/b?
7
Suppose -3*v = -2*v - 2. Suppose v*k + 41 = g + 4*g, -40 = -4*g - 2*k. Suppose 0 = 4*j, g*j - 208 = -2*q + 4*j. What is the units digit of q?
4
What is the units digit of (-30818)/(-12) - (-2 + (-13)/(-6))?
8
Let c(z) = 112*z**2 + 56*z + 2. Let r be c(-6). Let s = r + -2625. What is the hundreds digit of s?
0
Let y = -95 + 100. Let p be 0/(3 + (5 - y)). Suppose -3*z - h + 3*h + 644 = p, -20 = -4*h. What is the tens digit of z?
1
Suppose -7*z = -20 + 6. Let r = 537 + -309. Suppose z*m - 63 - 51 = -i, 5*m - r = -2*i. What is the hundreds digit of i?
1
Suppose 3*f + 5*x = -2102, -2096 = 15*f - 12*f - x. Let h = f - -1568. What is the tens digit of h?
6
Let h(b) = b**2 - 6*b + 14. Let o be h(5). Suppose -o*x = 12 + 6. Let j(l) = -5*l + 4. What is the units digit of j(x)?
4
Let a be -4*(0 + 18/(-4)). Let k be 389/(-9) - (-4)/a. Let m = 9 - k. What is the tens digit of m?
5
Suppose 2*t + 11 = 39. Let x be 6/10*(t - -1). Let i(y) = 7*y - 25. What is the tens digit of i(x)?
3
Let x be (-8 - -4)*9/(-4). Suppose 5*r = x*r - 20. Let l(t) = 12*t - 2. What is the tens digit of l(r)?
5
Let y = -16764 - -57828. What is the thousands digit of y?
1
Suppose 4*l - 71 = -5*d, 6*d - 3*l = 2*d + 63. Suppose d = 11*a - 16*a. What is the units digit of (1/(-3))/(9/1611)*a?
9
Let n(w) = w**3 + 16*w**2 + 15*w + 2. Let x be n(-15). Let q(g) = g**3 - 7*g**2 + 15*g - 6. What is the units digit of q(x)?
4
Let i(c) = -4*c + 26. Let f(v) = 12*v - 78. Suppose -21*m + 23*m - 6 = 0. Let d(l) = m*f(l) + 8*i(l). What is the tens digit of d(10)?
1
Suppose 27 = -3*l + 12, -5*s + 4*l = -8790. What is the thousands digit of s?
1
Let l = -4042 - -5565. What is the hundreds digit of l?
5
Suppose -76 - 95 = -a. Suppose 35 = 5*n - 5*t, 11 + 8 = 5*n - t. Suppose a = 6*l - 3*l - o, -o = n*l - 177. What is the tens digit of l?
5
What is the tens digit of (-15326)/2*(-200 - -194)?
7
Let t(f) = 2*f - 1 + 3*f**2 - 8*f**2 - 5*f**2 + 7*f**2 + f**3. Let q be t(3). Suppose q*n - 4*z - 687 = -4, 3*z + 276 = 2*n. What is the units digit of n?
5
What is the tens digit of (-1243 + 2)/((-6)/42)?
8
Let h = 22 - 22. Suppose 0 = 4*x + 2*j - 20, 2*x + h*j - 10 = 3*j. Suppose -w = -x*w - 5*l + 166, -2*w + 98 = -5*l. What is the tens digit of w?
4
Let d(m) = -m + 4. Let r = 9 - 5. Let h be d(r). Suppose 498 = -h*o + 6*o. What is the units digit of o?
3
Let t(q) = q**3 - 6*q**2 - 15*q + 9. Let y(h) = -h**3 - h**2 + 6*h + 9. Let p be y(0). What is the tens digit of t(p)?
1
Suppose q - 34385 = -5*p, -p = -3679*q + 3682*q - 103197. What is the ten thousands digit of q?
3
Suppose -4*g = -0*g. Let u = 1263 - 1260. Suppose -3*r + 12 = g, 3*q - u*r = -r + 619. What is the units digit of q?
9
Let v be (-3492)/(-27)*3/2. Suppose v*p - 188*p = 9792. What is the hundreds digit of p?
6
Let q = 3766 - 1998. Suppose 0 = -4*i + q + 1044. What is the tens digit of i?
0
Let z = 1443 + -652. Let a = z - 474. What is the hundreds digit of a?
3
Let d(s) = s**3 + 7*s**2 - 10*s - 11. Let t be d(-8). Suppose -15 = -t*y + 15. What is the tens digit of (11 - 14)/(y/(-194))?
9
Suppose 15 = 3*h + 3*w, 5*h = 2*h + 2*w + 5. Suppose -59 = h*n - 41. What is the tens digit of (114 - -3) + n/(-2) + -5?
1
Suppose -1548 + 581 = -2*j - 5*u, -3*j - u + 1418 = 0. Suppose 2232 + j = 2*c - i, -5*i - 1338 = -c. What is the hundreds digit of c?
3
Let f be 10 + (8/(-52) - (-28)/13). Let w be 35*4*3/f. Suppose -39*t = -w*t - 436. What is the units digit of t?
9
Let c(b) be the third derivative of b**4/4 + 38*b**3/3 - 35*b**2. What is the hundreds digit of c(6)?
1
Let v(d) = -31*d - 71. Let h be v(-5). Suppose u - h - 151 = -5*b, -205 = -u + b. What is the tens digit of u?
1
Let n(d) = -6*d - 58. Let s be n(-10). Suppose s*h + 4*j = 8, -2*h - 4*j + 6 = -2*j. Suppose 0 = 10*w - h*w - 1952. What is the hundreds digit of w?
2
Let t = 4257 + -2594. What is the thousands digit of t?
1
Let d(k) = -k**3 - k**2 + 6*k - 4. Let j be d(1). Suppose 32*q - 16*q - 160 = j. What is the units digit of q?
0
Let s = -50 - -55. Suppose 0 = s*w + 671 - 3056. Suppose 0 = -5*o - 6*r + 2*r + w, r - 189 = -2*o. What is the tens digit of o?
9
Let o = -949 + 1600. Let b = o - -298. What is the tens digit of b?
4
What is the thousands digit of -3368*2*64/(-128)?
3
Let f be (-158 + 1)/(-8 - (-161)/21). What is the hundreds digit of (f/(-4))/((-1)/(8/3))?
3
Let a(j) = 31*j**2 + 47*j + 1126. What is the hundreds digit of a(-17)?
2
Let u be 5 - (-111)/(-21) - 116/(-14). What is the hundreds digit of u/(-6)*(-3366)/12?
3
Let t(o) = -2*o**2 - 70*o + 119. Let z be t(-36). Suppose -3816 = z*w - 58477. What is the tens digit of w?
6
Suppose -7100*m + 2141235 = -7055*m. What is the tens digit of m?
8
Suppose 0 = 8*f - 1657 - 2855. Suppose f = 3*q - 165. What is the tens digit of q?
4
Let w = 40 + -34. Let b(i) = 152*i**3 + 6*i**2 + 9*i + 4. Let g(o) = -o**3 - o**2 - o - 1. Let c(p) = w*g(p) + b(p). What is the tens digit of c(1)?
4
Let u be 2 + 8/12 + 1838/6. Let k = -52 - -207. Let b = u - k. What is the hundreds digit of b?
1
Let k = 910 - -6597. What is the hundreds digit of k?
5
Let f(i) = -18*i**2 - 34 - 33*i**3 + 70*i**3 - 38*i**3. What is the tens digit of f(-20)?
6
Let h = -24 + 26. Let g = -40 + 49. Suppose h*j = -c - 1